7
What is the units digit of 63072327?
7
What is the ten millions digit of 1462920228?
6
What is the ten millions digit of 329461092?
2
What is the hundred thousands digit of 251787388?
7
What is the ten thousands digit of 167837440?
3
What is the units digit of 79185073?
3
What is the ten thousands digit of 988258836?
5
What is the ten millions digit of 65973957?
6
What is the tens digit of 928309931?
3
What is the hundred thousands digit of 880335190?
3
What is the ten thousands digit of 460856763?
5
What is the billions digit of 1844699868?
1
What is the thousands digit of 104353952?
3
What is the hundreds digit of 7825729?
7
What is the millions digit of 37202395?
7
What is the units digit of 71849487?
7
What is the units digit of 1341280604?
4
What is the millions digit of 55312130?
5
What is the hundred thousands digit of 27240877?
2
What is the hundreds digit of 156932088?
0
What is the hundreds digit of 84752955?
9
What is the millions digit of 130503047?
0
What is the hundred millions digit of 402022307?
4
What is the tens digit of 14515209?
0
What is the millions digit of 6866882148?
6
What is the ten millions digit of 2346219176?
4
What is the units digit of 331388938?
8
What is the thousands digit of 3299215101?
5
What is the tens digit of 259719175?
7
What is the hundreds digit of 1315638601?
6
What is the ten millions digit of 1326792710?
2
What is the ten millions digit of 133742886?
3
What is the thousands digit of 45359289?
9
What is the ten thousands digit of 146387891?
8
What is the billions digit of 1624642414?
1
What is the hundreds digit of 243219067?
0
What is the thousands digit of 51788903?
8
What is the units digit of 134163875?
5
What is the ten millions digit of 3036321817?
3
What is the ten millions digit of 3053423745?
5
What is the units digit of 476702807?
7
What is the units digit of 21248763?
3
What is the millions digit of 18163058?
8
What is the hundreds digit of 7129455?
4
What is the millions digit of 486048232?
6
What is the millions digit of 641715211?
1
What is the millions digit of 387785441?
7
What is the thousands digit of 292972992?
2
What is the billions digit of 1707917744?
1
What is the thousands digit of 106944077?
4
What is the tens digit of 501534846?
4
What is the units digit of 1146933543?
3
What is the ten millions digit of 1095903790?
9
What is the hundreds digit of 46453032?
0
What is the units digit of 142223537?
7
What is the millions digit of 329520387?
9
What is the units digit of 245180948?
8
What is the hundreds digit of 1290623079?
0
What is the hundred thousands digit of 17504376?
5
What is the millions digit of 104717000?
4
What is the thousands digit of 1032435985?
5
What is the tens digit of 1579982207?
0
What is the hundreds digit of 138892473?
4
What is the thousands digit of 4361473176?
3
What is the hundreds digit of 160897972?
9
What is the thousands digit of 673612093?
2
What is the hundred thousands digit of 1101009585?
0
What is the tens digit of 220323054?
5
What is the hundred thousands digit of 70774082?
7
What is the hundred thousands digit of 201684417?
6
What is the ten thousands digit of 87678944?
7
What is the tens digit of 666642691?
9
What is the hundreds digit of 1322500735?
7
What is the hundred thousands digit of 68561253?
5
What is the millions digit of 151252087?
1
What is the thousands digit of 163189458?
9
What is the hundred millions digit of 2330062851?
3
What is the ten thousands digit of 30039099?
3
What is the hundred millions digit of 865700852?
8
What is the hundred millions digit of 3112874102?
1
What is the millions digit of 5815641111?
5
What is the millions digit of 76191348?
6
What is the ten thousands digit of 9978193?
7
What is the hundreds digit of 116163063?
0
What is the ten thousands digit of 6256384?
5
What is the hundred thousands digit of 144353075?
3
What is the tens digit of 2965798828?
2
What is the hundred millions digit of 271017743?
2
What is the tens digit of 27817735?
3
What is the ten millions digit of 806240082?
0
What is the hundred thousands digit of 110793676?
7
What is the units digit of 19021820?
0
What is the units digit of 11614410?
0
What is the millions digit of 64436263?
4
What is the millions digit of 1660307537?
0
What is the ten millions digit of 76861068?
7
What is the hundred millions digit of 2673920403?
6
What is the units digit of 6195781?
1
What is the units digit of 60417856?
6
What is the hundreds digit of 330029930?
9
What is the ten millions digit of 89776360?
8
What is the hundreds digit of 1173500275?
2
What is the ten thousands digit of 619924305?
2
What is the ten millions digit of 178410743?
7
What is the hundred millions digit of 1341319411?
3
What is the hundred thousands digit of 12901493?
9
What is the ten thousands digit of 2544827?
4
What is the ten millions digit of 313975210?
1
What is the thousands digit of 37034247?
4
What is the millions digit of 911333635?
1
What is the billions digit of 2436319189?
2
What is the hundreds digit of 36940049?
0
What is the ten millions digit of 1215260394?
1
What is the ten millions digit of 37317814?
3
What is the hundreds digit of 249799303?
3
What is the units digit of 261105810?
0
What is the tens digit of 8444947?
4
What is the hundred thousands digit of 343306552?
3
What is the millions digit of 46608671?
6
What is the ten thousands digit of 143698950?
9
What is the ten millions digit of 5543855330?
4
What is the hundred millions digit of 688000993?
6
What is the tens digit of 31355289?
8
What is the millions digit of 2666296?
2
What is the tens digit of 14714597?
9
What is the hundreds digit of 364878062?
0
What is the millions digit of 103295548?
3
What is the millions digit of 107244677?
7
What is the ten thousands digit of 270141019?
4
What is the hundreds digit of 181972196?
1
What is the hundreds digit of 499984407?
4
What is the units digit of 50033136?
6
What is the units digit of 109700068?
8
What is the thousands digit of 2993788999?
8
What is the units digit of 1202849740?
0
What is the hundred millions digit of 510541323?
5
What is the hundred millions digit of 792192752?
7
What is the tens digit of 211257462?
6
What is the units digit of 4132235789?
9
What is the hundreds digit of 1103791053?
0
What is the hundreds digit of 63085403?
4
What is the millions digit of 37034084?
7
What is the hundred thousands digit of 303172721?
1
What is the hundred millions digit of 350565384?
3
What is the units digit of 794217644?
4
What is the units digit of 383156084?
4
What is the millions digit of 376355828?
6
What is the ten thousands digit of 4236964943?
6
What is the thousands digit of 80019277?
9
What is the units digit of 1595747975?
5
What is the units digit of 26000393?
3
What is the millions digit of 518295602?
8
What is the thousands digit of 1421374762?
4
What is the ten thousands digit of 17287332?
8
What is the units digit of 5645961211?
1
What is the ten thousands digit of 76875853?
7
What is the hundreds digit of 73128887?
8
What is the ten thousands digit of 117799937?
9
What is the tens digit of 35205457?
5
What is the thousands digit of 953633714?
3
What is the hundred thousands digit of 255147529?
1
What is the thousands digit of 3753937354?
7
What is the tens digit of 30514875?
7
What is the ten millions digit of 6082457002?
8
What is the thousands digit of 15687843?
7
What is the hundred thousands digit of 20267182?
2
What is the tens digit of 53848094?
9
What is the billions digit of 2864305155?
2
What is the hundred millions digit of 1062926552?
0
What is the thousands digit of 4522001180?
1
What is the thousands digit of 77059427?
9
What is the hundreds digit of 64609477?
4
What is the hundreds digit of 56757535?
5
What is the hundred thousands digit of 24822939?
8
What is the billions digit of 1085842559?
1
What is the ten thousands digit of 109211944?
1
What is the ten thousands digit of 130513760?
1
What is the hundreds digit of 45962595?
5
What is the units digit of 71491449?
9
What is the units digit of 76717631?
1
What is the millions digit of 584227253?
4
What is the hundreds digit of 2273874390?
3
What is the thousands digit of 840719580?
9
What is the tens digit of 210268544?
4
What is the tens digit of 51869